he prime factors of 5*3*2/m?
2, 3
Let i(g) = -g**3 - 6*g**2 - 5*g + 4. Let w be i(-5). Suppose -q = w*t - 22, -q + 2*q = 3*t + 8. List the prime factors of q.
2, 7
Let u(h) = -6*h + 7. What are the prime factors of u(-3)?
5
What are the prime factors of (7 + 26 + 4)*(-1 + 4)?
3, 37
Let o(b) = -b**3 - 8*b**2 + 7*b - 12. Let i be o(-9). Suppose -3*v - 4*m + i = -v, -5*v + 5*m + 75 = 0. What are the prime factors of v?
11
Suppose 6*o - 3 = 3*o. Let i = 2 - o. Let j = i - -5. List the prime factors of j.
2, 3
Suppose 0 = -p - 1, 0 = -3*k + 2*k - 4*p + 2. Suppose 9*g = 7*g + k. What are the prime factors of g?
3
Suppose h + 4*h = 2*i + 73, -58 = -4*h + 2*i. Let m = -5 + 0. Let c = h + m. What are the prime factors of c?
2, 5
Suppose -3*y + 64 = -116. Suppose -4*w = w - y. List the prime factors of w.
2, 3
Suppose 240 = -0*z + 6*z. List the prime factors of z.
2, 5
Let m(g) = -4*g - 15. What are the prime factors of m(-12)?
3, 11
Suppose 0 = -m - 0*g - 4*g + 70, -3*g + 215 = 4*m. Suppose -j - m = -6*j. List the prime factors of j.
2, 5
Let c be 2/(-7) - 352/(-7). List the prime factors of c/(1/(2/4)).
5
Suppose -z + 3*y = 4*y - 161, -3*z + y + 471 = 0. List the prime factors of z.
2, 79
Let a(k) = k**3 - k**2 + k + 6. Let v be a(0). Let y be v/18 + 445/(-3). What are the prime factors of y/(-18) - 4/18?
2
Suppose -2*x - 3*x - 27 = -l, -2*l - 2*x = -54. What are the prime factors of l?
3
Let z = 437 + -216. What are the prime factors of z?
13, 17
Let v = -26 - -51. What are the prime factors of v?
5
Suppose 2*a + 2*u - 13 - 13 = 0, -4*a = u - 61. Suppose 3*i = a + 14. List the prime factors of i.
2, 5
Let x be -31*(-1 + 0)/1. Let u = -3 + 4. Suppose u = -5*i + x. What are the prime factors of i?
2, 3
Let o be (2 + -4)*9/2. Let z(p) = 0 + 11 - p + 2*p. List the prime factors of z(o).
2
Let j(q) = 27*q**2 - 2*q + 1. What are the prime factors of j(1)?
2, 13
Suppose 8*y = 233 + 15. What are the prime factors of y?
31
Let i(q) = q**2 - 7*q + 11. Let p be i(9). Let d = 53 - p. What are the prime factors of d?
2, 3
Suppose -5*c + 38 - 8 = 0. Suppose 0 = -c*a + a + 15, -34 = -5*u + 2*a. What are the prime factors of u?
2
Let g = -20 - -32. What are the prime factors of g?
2, 3
Suppose 6*p - 3*p = 318. List the prime factors of p.
2, 53
Let v(k) = 4*k + 5. List the prime factors of v(4).
3, 7
What are the prime factors of (7*-1)/(14/(-56))?
2, 7
Suppose -w - 7 = 24. Let s = -22 - w. List the prime factors of s.
3
Suppose 0 = -2*k - 3*k - 25. Let s = -7 - k. What are the prime factors of (5/s - 0)*-2?
5
Let k(u) = u**2 - 3*u + 1. Let d be k(2). List the prime factors of (-1)/d + (-2 - -15).
2, 7
Let t(n) be the first derivative of 2*n**3/3 - 3*n**2 + 3*n - 1. Let z(j) = -j**3 - 4*j**2 + 4*j - 1. Let w be z(-5). What are the prime factors of t(w)?
11
Let u(y) be the third derivative of y**6/30 - y**5/60 - 2*y**2. Let h be u(1). Suppose h*j = -0*n + n + 5, 2*n + 2*j = 14. What are the prime factors of n?
2
Let b be 3*(3 - (-19)/3). Let u = b - 20. What are the prime factors of u?
2
Suppose 3*b - 21 = -60. Let z(o) = o**3 + 12*o**2 - 15*o + 11. What are the prime factors of z(b)?
37
Suppose -2*q = -4*g + 59 - 3, 3*q - 24 = -3*g. What are the prime factors of g?
2, 3
Let s = 8 - -32. Let v = -23 + s. What are the prime factors of v?
17
Suppose -310 = -4*q - m, 3*q - 3*m = -2*m + 229. What are the prime factors of q?
7, 11
Let a(l) be the second derivative of -1/12*l**4 - 7/6*l**3 - 2*l + 0 - 3/2*l**2. What are the prime factors of a(-6)?
3
Suppose 0 = 3*q - 181 - 194. List the prime factors of q.
5
Let p(z) = 2*z - 17. Suppose 0 = -2*u - 3*u + 60. What are the prime factors of p(u)?
7
Let t = 11 - 8. Suppose 8 = t*p - 7. Let n = p + 0. What are the prime factors of n?
5
Suppose 2*p = -4*p + 204. List the prime factors of p.
2, 17
Let k(c) = -c**3 - 11*c**2 - c + 10. Suppose -4*z - 2*n + 8 = n, -z = 4*n - 15. Let y be (0 + z)/(1/11). List the prime factors of k(y).
3, 7
Suppose 4*t + 5*q - 21 = 0, 5*t - 15 = -q - 3*q. Let o be 15/(-12)*(t + -35). Suppose -5*r = 5*u - 2*r - o, r + 65 = 5*u. What are the prime factors of u?
2, 3
What are the prime factors of 98*(0 + (-18)/(-12))?
3, 7
Let o be -2*3/(-2 + -1). Suppose 12 = 4*b, 3*j - o*b = 6 - 0. Suppose -3*g - l = -14, 0*g = 2*g - j*l. List the prime factors of g.
2
Let g = 23 + 10. Suppose 2*j = 6, 5*j = -3*s + 24 + g. What are the prime factors of s?
2, 7
Let f(y) = y - 3. Let v be f(5). Suppose v*a = -3*a - d - 5, 23 = -4*a + 3*d. List the prime factors of (a/4)/(4/(-72)).
3
Suppose 0*x + x = 0. Let l(j) = j**2 - j + 6. List the prime factors of l(x).
2, 3
Let u(b) = b**2 + 4*b - 5. Suppose -4*f - 4 + 20 = 0. What are the prime factors of u(f)?
3
Suppose 16*g - 2*b - 1081 = 13*g, 359 = g - b. What are the prime factors of g?
3, 11
Let j be 2 - (-4)/((-12)/(-3)). What are the prime factors of (-7)/(-21) - (-83)/j?
2, 7
Let q(s) = -6*s. Let w be q(-1). Suppose 0 = -p - m - 4*m + 22, m = -p + w. Suppose -2*k = p*k - 12. What are the prime factors of k?
3
Let r be 4/14 - 6/21. Let q be -1 - r - (2 - 3). What are the prime factors of 4 + 4 + q + -2?
2, 3
Let j = -1 - 3. Let n = -33 + 48. Let u = n + j. List the prime factors of u.
11
Let d = -445 + 680. List the prime factors of d.
5, 47
Let j be (1 - 2) + 0 + 5. Suppose 15 = -m + j*m. What are the prime factors of m?
5
Suppose -16*t = -14*t - 52. List the prime factors of t.
2, 13
Let i = -40 - -63. What are the prime factors of i?
23
Suppose 148 - 48 = 4*h. Suppose -4*q - 101 = -4*b - h, 5*q + 35 = b. What are the prime factors of b?
3, 5
Let b = 21 - 29. Let r(c) = -2*c - 4 + 3 - 6. What are the prime factors of r(b)?
3
Let d(z) = -z + 5. Let o(y) = 2*y - 11. Let p(m) = -7*d(m) - 3*o(m). List the prime factors of p(7).
5
Suppose -2*m - 33 = 5*b + 17, 0 = 3*b + m + 31. What are the prime factors of b/(-9)*(-15)/(-2)?
2, 5
What are the prime factors of 1518/18 + (-2)/(-3)?
5, 17
Let j(s) = 9*s**2 - 1. Suppose 3*b + p + 4 = 0, 0 = 2*b - 4*b - p - 4. Suppose 2*o + b*o + 2 = 0. What are the prime factors of j(o)?
2
Let k be 1/(-4) - 18/(-8). Suppose -k*h - 6 = 0, t - h - 8 + 2 = 0. Suppose 11 = t*s - 1. What are the prime factors of s?
2
Let p(q) = q**3 - 4*q**2 + 5*q - 2. Let k be p(3). Suppose -k*h + 78 = -26. List the prime factors of h.
2, 13
Let c = 5 - 7. Let z be (-6)/c - (-58 + -3). Let h = -46 + z. What are the prime factors of h?
2, 3
Suppose 1 + 8 = -3*g. Let l be (g + 5)/(2/4). Let v = 2 + l. List the prime factors of v.
2, 3
Let z(n) = 5*n**3 - 1. Let v be z(1). Suppose -v*q = 2*s - 2, 0 = -4*q + 5*s + 19 + 18. What are the prime factors of q?
3
Let h(i) = i - 8. Let c be h(12). List the prime factors of c - 7 - (-15)/3.
2
Let u(m) = -3*m**3 + m**2 + m + 1. Let a be u(-1). Let k = -2 + a. Suppose -k*o + 20 = 3*p, 5*o - p - 3*p = 50. What are the prime factors of o?
2, 5
Let o(c) = -c**3 + 4*c**2 + 2. Let j be o(4). Let g(p) be the third derivative of p**4/6 - p**3/6 - p**2. What are the prime factors of g(j)?
7
Suppose 0 = 5*q - 3*q. Let p(s) be the second derivative of s**5/20 + s**4/12 + 15*s**2/2 + s. What are the prime factors of p(q)?
3, 5
Let u be 0/(-1)*(5 - 6). Suppose 3*k - 6*k + 45 = u. What are the prime factors of k?
3, 5
Suppose 5*c + 15 = -0*c. Let b(f) = -f**3 - 2*f**2 + 2*f + 3. List the prime factors of b(c).
2, 3
Let x be (-1 - 0) + 2 - -3. Let o = -5 - -3. Let u = x + o. List the prime factors of u.
2
Suppose 0 = 3*d + 3*r, 5*r + 6 = 3*r. Let m(f) = 1 - 5*f - f - d*f - 2*f. List the prime factors of m(-1).
2, 3
Suppose 0 = 6*v - 5*v - 10. Suppose -2*d + 56 = v. List the prime factors of d.
23
Let o = -4 + 9. List the prime factors of o.
5
Suppose 0 = -3*m + 10 + 26. What are the prime factors of m?
2, 3
List the prime factors of 51/1 - (-4 - -4).
3, 17
What are the prime factors of (2*4)/((-29)/(-783))?
2, 3
Suppose 0*w - 27 = -4*v - 3*w, 4*w = 4. Let o = -4 + v. What are the prime factors of o?
2
Let n(h) = -2*h**2 + 4*h**2 - h + 1 - h**2. Let j be n(2). Suppose -17 = -j*l + 28. What are the prime factors of l?
3, 5
Suppose 3*s = 2*q + 4*s + 4, 0 = 5*q + 2*s + 8. Suppose 3*r - 7*r + 104 = q. Let b = -15 + r. What are the prime factors of b?
11
Suppose -3*k = 4*y - 126, y + y + 210 = 5*k. Let u = -22 + k. What are the prime factors o